{"id":13,"date":"2017-03-09T20:36:49","date_gmt":"2017-03-09T19:36:49","guid":{"rendered":"http:\/\/immobilien-terrano.de\/\/?page_id=13"},"modified":"2017-06-15T21:14:36","modified_gmt":"2017-06-15T19:14:36","slug":"kontakt","status":"publish","type":"page","link":"https:\/\/immobilien-terrano.de\/?page_id=13","title":{"rendered":"Kontakt"},"content":{"rendered":"<div id=\"pl-13\"  class=\"panel-layout\" ><div id=\"pg-13-0\"  class=\"panel-grid panel-has-style\" ><div class=\"panel-row-style panel-row-style-for-13-0\" ><div id=\"pgc-13-0-0\"  class=\"panel-grid-cell\" ><div id=\"panel-13-0-0-0\" class=\"so-panel widget widget_text panel-first-child panel-last-child\" data-index=\"0\" >\t\t\t<div class=\"textwidget\"><p><strong>Herzlich Willkommen auf unserer Website!<\/strong><\/p>\n<p>Die Firma Terrano Immobilien ist seit 1992 in Gransee ans\u00e4ssig und ist spezialisiert auf die Vermittlung von Bestandsimmobilien im Land Brandenburg, besonders im Gebiet zwischen Rheinsberg und Oranienburg.<br \/>\nSie w\u00fcnschen sich ein neues Heim? Egal, ob Sie an einem Grundst\u00fcck, Einfamilienhaus oder an Wohnungen interessiert sind\u2026 hier finden Sie das richtige Objekt.<br \/>\nGern suchen wir f\u00fcr Sie Ihre Traumimmobilie!<\/p>\n<p>M\u00f6chten Sie sich eines unserer Objekte n\u00e4her anschauen?<br \/>\nKontaktieren Sie uns.<br \/>\nWir freuen uns auch \u00fcber neue Objekte.<br \/>\nKennen Sie jemanden, der sein Haus oder Grundst\u00fcck verkaufen m\u00f6chte?<br \/>\nEmpfehlen Sie uns und bei Zustandekommen eines Kaufvertrages verg\u00fcten wir ihnen den Tipp mit einer Pr\u00e4mie von 250 \u20ac !<\/p>\n<p><strong>Bei Interesse oder Fragen, nutzen Sie einfach unser Kontaktformular!<\/strong><\/p>\n<\/div>\n\t\t<\/div><\/div><div id=\"pgc-13-0-1\"  class=\"panel-grid-cell\" ><div id=\"panel-13-0-1-0\" class=\"so-panel widget widget_sow-image panel-first-child\" data-index=\"1\" ><div\n\t\t\t\n\t\t\tclass=\"so-widget-sow-image so-widget-sow-image-default-a5258576d588-13\"\n\t\t\t\n\t\t>\n\n<div class=\"sow-image-container\">\n\t\t<img src=\"https:\/\/immobilien-terrano.de\/wp-content\/uploads\/2017\/03\/Logo3.200.png\" width=\"200\" height=\"77\" sizes=\"(max-width: 200px) 100vw, 200px\" alt=\"\" loading=\"lazy\" \t\tclass=\"so-widget-image\"\/>\n\t<\/div>\n\n<\/div><\/div><div id=\"panel-13-0-1-1\" class=\"so-panel widget widget_text panel-last-child\" data-index=\"2\" >\t\t\t<div class=\"textwidget\"><p><strong>Ihr Ansprechpartner:<\/strong><\/p>\n<p>Terrano Immobilien<br \/>\nKatrin Streifling & Jens Renk<br \/>\nKlosterstrasse 37<br \/>\nD-16775 Gransee<\/p>\n<p><strong>Tel.:<\/strong> 03306-2247<\/p>\n<p><strong>Mobil:<\/strong> 0172 1504063<\/p>\n<p><strong>E-Mail:<\/strong> kontakt@immobilien-terrano.de<\/p>\n<\/div>\n\t\t<\/div><\/div><\/div><\/div><div id=\"pg-13-1\"  class=\"panel-grid panel-has-style\" ><div class=\"panel-row-style panel-row-style-for-13-1\" ><div id=\"pgc-13-1-0\"  class=\"panel-grid-cell\" ><div id=\"panel-13-1-0-0\" class=\"so-panel widget widget_text panel-first-child panel-last-child\" data-index=\"3\" >\t\t\t<div class=\"textwidget\"><div class=\"wpforms-container wpforms-container-full\" id=\"wpforms-303\"><form id=\"wpforms-form-303\" class=\"wpforms-validate wpforms-form\" data-formid=\"303\" method=\"post\" enctype=\"multipart\/form-data\" action=\"\/index.php?rest_route=%2Fwp%2Fv2%2Fpages%2F13\" data-token=\"6d67d985227cf23a4f5c4ecfec5095e1\"><noscript class=\"wpforms-error-noscript\">Bitte aktiviere JavaScript in deinem Browser, um dieses Formular fertigzustellen.<\/noscript><div class=\"wpforms-field-container\"><div id=\"wpforms-303-field_8-container\" class=\"wpforms-field wpforms-field-select\" data-field-id=\"8\"><label class=\"wpforms-field-label\" for=\"wpforms-303-field_8\">Anrede<\/label><select id=\"wpforms-303-field_8\" class=\"wpforms-field-small\" name=\"wpforms[fields][8]\"><option value=\"Herr\" >Herr<\/option><option value=\"Frau\" >Frau<\/option><\/select><\/div><div id=\"wpforms-303-field_2-container\" class=\"wpforms-field wpforms-field-text\" data-field-id=\"2\"><label class=\"wpforms-field-label\" for=\"wpforms-303-field_2\">Name <span class=\"wpforms-required-label\">*<\/span><\/label><input type=\"text\" id=\"wpforms-303-field_2\" class=\"wpforms-field-medium wpforms-field-required\" name=\"wpforms[fields][2]\" required><\/div><div id=\"wpforms-303-field_5-container\" class=\"wpforms-field wpforms-field-email\" data-field-id=\"5\"><label class=\"wpforms-field-label\" for=\"wpforms-303-field_5\">Email <span class=\"wpforms-required-label\">*<\/span><\/label><input type=\"email\" id=\"wpforms-303-field_5\" class=\"wpforms-field-medium wpforms-field-required\" name=\"wpforms[fields][5]\" spellcheck=\"false\" required><\/div><div id=\"wpforms-303-field_3-container\" class=\"wpforms-field wpforms-field-number\" data-field-id=\"3\"><label class=\"wpforms-field-label\" for=\"wpforms-303-field_3\">Telefon<\/label><input type=\"number\" pattern=\"\\d*\" id=\"wpforms-303-field_3\" class=\"wpforms-field-small\" name=\"wpforms[fields][3]\" ><\/div><div id=\"wpforms-303-field_6-container\" class=\"wpforms-field wpforms-field-text\" data-field-id=\"6\"><label class=\"wpforms-field-label\" for=\"wpforms-303-field_6\">Betreff<\/label><input type=\"text\" id=\"wpforms-303-field_6\" class=\"wpforms-field-small\" name=\"wpforms[fields][6]\" ><\/div><div id=\"wpforms-303-field_7-container\" class=\"wpforms-field wpforms-field-textarea\" data-field-id=\"7\"><label class=\"wpforms-field-label\" for=\"wpforms-303-field_7\">Ihre Nachricht<\/label><textarea id=\"wpforms-303-field_7\" class=\"wpforms-field-medium\" name=\"wpforms[fields][7]\" ><\/textarea><\/div><div id=\"wpforms-303-field_10-container\" class=\"wpforms-field wpforms-field-checkbox\" data-field-id=\"10\"><label class=\"wpforms-field-label\" for=\"wpforms-303-field_10\">Datenschutz <span class=\"wpforms-required-label\">*<\/span><\/label><ul id=\"wpforms-303-field_10\" class=\"wpforms-field-required\"><li class=\"choice-1 depth-1\"><input type=\"checkbox\" id=\"wpforms-303-field_10_1\" name=\"wpforms[fields][10][]\" value=\"Ich kenne die &lt;a href=&quot;https:\/\/immobilien-terrano.de\/?page_id=626\/&quot;&gt;Datenschutzerkl\u00e4rung&lt;\/a&gt; und bin mit der dort erkl\u00e4rten Verarbeitung meiner Daten einverstanden (Einwilligung gem\u00e4\u00df der Datenschutzgrundverordnung DSGVO)\" required ><label class=\"wpforms-field-label-inline\" for=\"wpforms-303-field_10_1\">Ich kenne die <a href=\"https:\/\/immobilien-terrano.de\/?page_id=626\/\">Datenschutzerkl\u00e4rung<\/a> und bin mit der dort erkl\u00e4rten Verarbeitung meiner Daten einverstanden (Einwilligung gem\u00e4\u00df der Datenschutzgrundverordnung DSGVO)<\/label><\/li><\/ul><\/div><\/div><!-- .wpforms-field-container --><div class=\"wpforms-submit-container\" ><input type=\"hidden\" name=\"wpforms[id]\" value=\"303\"><input type=\"hidden\" name=\"wpforms[author]\" value=\"1\"><button type=\"submit\" name=\"wpforms[submit]\" id=\"wpforms-submit-303\" class=\"wpforms-submit\" data-alt-text=\"Wird gesendet...\" data-submit-text=\"Senden\" aria-live=\"assertive\" value=\"wpforms-submit\">Senden<\/button><\/div><\/form><\/div>  <!-- .wpforms-container --><\/div>\n\t\t<\/div><\/div><div id=\"pgc-13-1-1\"  class=\"panel-grid-cell\" ><div id=\"panel-13-1-1-0\" class=\"so-panel widget widget_sow-google-map panel-first-child panel-last-child\" data-index=\"4\" ><div\n\t\t\t\n\t\t\tclass=\"so-widget-sow-google-map so-widget-sow-google-map-default-83f94ad66ed5-13\"\n\t\t\t\n\t\t>\n<div class=\"sow-google-map-canvas\"\n\tstyle=\"\"\n\tid=\"map-canvas-5e401c86da17487682a0a410ca3b4b51\"\n\tdata-options=\"{&quot;address&quot;:&quot;Germany, Gransee, Klosterstra\\u00dfe 37&quot;,&quot;zoom&quot;:16,&quot;mobileZoom&quot;:16,&quot;gestureHandling&quot;:&quot;greedy&quot;,&quot;disableUi&quot;:false,&quot;keepCentered&quot;:false,&quot;markerIcon&quot;:&quot;&quot;,&quot;markersDraggable&quot;:false,&quot;markerAtCenter&quot;:true,&quot;markerInfoDisplay&quot;:&quot;click&quot;,&quot;markerInfoMultiple&quot;:true,&quot;markerPositions&quot;:&quot;&quot;,&quot;mapName&quot;:&quot;&quot;,&quot;mapStyles&quot;:&quot;&quot;,&quot;directions&quot;:&quot;&quot;,&quot;apiKey&quot;:&quot;AIzaSyD6XiglhKGX27LFYsP6F4qQKco0Z5-I9KI&quot;,&quot;breakpoint&quot;:780}\"\n\tdata-fallback-image=\"{&quot;img&quot;:&quot;&quot;}\"><\/div>\n<\/div><\/div><\/div><\/div><\/div><\/div>","protected":false},"excerpt":{"rendered":"<p>Herzlich Willkommen auf unserer Website! Die Firma Terrano Immobilien ist seit 1992 in Gransee ans\u00e4ssig und ist spezialisiert auf die Vermittlung von Bestandsimmobilien im Land Brandenburg, besonders im Gebiet zwischen Rheinsberg und Oranienburg. Sie w\u00fcnschen sich ein neues Heim? Egal, ob Sie an einem Grundst\u00fcck, Einfamilienhaus oder an Wohnungen interessiert sind\u2026 hier finden Sie das<span class=\"read-more-wrap\"><a class=\"moretag\" href=\"https:\/\/immobilien-terrano.de\/?page_id=13\">Continue Reading <span class=\"screen-reader-text\">Kontakt<\/span><\/a><\/span><\/p>\n","protected":false},"author":1,"featured_media":0,"parent":0,"menu_order":0,"comment_status":"closed","ping_status":"closed","template":"","meta":[],"_links":{"self":[{"href":"https:\/\/immobilien-terrano.de\/index.php?rest_route=\/wp\/v2\/pages\/13"}],"collection":[{"href":"https:\/\/immobilien-terrano.de\/index.php?rest_route=\/wp\/v2\/pages"}],"about":[{"href":"https:\/\/immobilien-terrano.de\/index.php?rest_route=\/wp\/v2\/types\/page"}],"author":[{"embeddable":true,"href":"https:\/\/immobilien-terrano.de\/index.php?rest_route=\/wp\/v2\/users\/1"}],"replies":[{"embeddable":true,"href":"https:\/\/immobilien-terrano.de\/index.php?rest_route=%2Fwp%2Fv2%2Fcomments&post=13"}],"version-history":[{"count":31,"href":"https:\/\/immobilien-terrano.de\/index.php?rest_route=\/wp\/v2\/pages\/13\/revisions"}],"predecessor-version":[{"id":345,"href":"https:\/\/immobilien-terrano.de\/index.php?rest_route=\/wp\/v2\/pages\/13\/revisions\/345"}],"wp:attachment":[{"href":"https:\/\/immobilien-terrano.de\/index.php?rest_route=%2Fwp%2Fv2%2Fmedia&parent=13"}],"curies":[{"name":"wp","href":"https:\/\/api.w.org\/{rel}","templated":true}]}}